{"id":106,"date":"2020-07-15T15:14:19","date_gmt":"2020-07-15T13:14:19","guid":{"rendered":"http:\/\/marianzimmerli.ch\/?page_id=106"},"modified":"2021-01-05T13:52:21","modified_gmt":"2021-01-05T12:52:21","slug":"startseite","status":"publish","type":"page","link":"https:\/\/marianzimmerli.ch\/","title":{"rendered":"MARIAN ZIMMERLI"},"content":{"rendered":"\n<hr class=\"wp-block-separator\"\/>\n\n\n\n<div class=\"wp-block-media-text alignwide is-stacked-on-mobile\"><figure class=\"wp-block-media-text__media\"><img decoding=\"async\" loading=\"lazy\" width=\"1024\" height=\"1024\" src=\"https:\/\/marianzimmerli.ch\/wp-content\/uploads\/2021\/01\/DSC00362-1024x1024.jpg\" alt=\"\" class=\"wp-image-307 size-full\" srcset=\"https:\/\/marianzimmerli.ch\/wp-content\/uploads\/2021\/01\/DSC00362-1024x1024.jpg 1024w, https:\/\/marianzimmerli.ch\/wp-content\/uploads\/2021\/01\/DSC00362-300x300.jpg 300w, https:\/\/marianzimmerli.ch\/wp-content\/uploads\/2021\/01\/DSC00362-150x150.jpg 150w, https:\/\/marianzimmerli.ch\/wp-content\/uploads\/2021\/01\/DSC00362-768x768.jpg 768w, https:\/\/marianzimmerli.ch\/wp-content\/uploads\/2021\/01\/DSC00362-1536x1536.jpg 1536w, https:\/\/marianzimmerli.ch\/wp-content\/uploads\/2021\/01\/DSC00362-2048x2048.jpg 2048w, https:\/\/marianzimmerli.ch\/wp-content\/uploads\/2021\/01\/DSC00362-60x60.jpg 60w\" sizes=\"(max-width: 1024px) 100vw, 1024px\" \/><\/figure><div class=\"wp-block-media-text__content\">\n<p>Die Schweizer K\u00fcnstlerin und diplomierte Kunst- und Maltherapeutin lebt in Bern mit Ihrem Mann. Ihre Leidenschaft f\u00fcr Kunst und Kreativit\u00e4t entdeckte sie schon in den fr\u00fchen Jahren. Ihre Werke sind inspiriert durch ihre Reisen und ausgedehnte Spazierg\u00e4nge. Ihr vielf\u00e4ltiges Werk ist in experimenteller Mischtechnik angefertigt.<\/p>\n\n\n\n<p>Siehe mehr zu ihrer <a href=\"https:\/\/marianzimmerli.ch\/?page_id=110\">Kunst &amp; Ausstellungen<\/a>.<\/p>\n\n\n\n<p>Siehe mehr zu ihrer <a href=\"https:\/\/marianzimmerli.ch\/?page_id=112\" data-type=\"URL\" data-id=\"https:\/\/marianzimmerli.ch\/?page_id=112\">Person<\/a>.<\/p>\n<\/div><\/div>\n\n\n\n<p><\/p>\n","protected":false},"excerpt":{"rendered":"<p>Die Schweizer K\u00fcnstlerin und diplomierte Kunst- und Maltherapeutin lebt in Bern mit Ihrem Mann. Ihre Leidenschaft f\u00fcr Kunst und Kreativit\u00e4t&hellip;<\/p>\n","protected":false},"author":1,"featured_media":0,"parent":0,"menu_order":1,"comment_status":"closed","ping_status":"closed","template":"","meta":[],"_links":{"self":[{"href":"https:\/\/marianzimmerli.ch\/index.php?rest_route=\/wp\/v2\/pages\/106"}],"collection":[{"href":"https:\/\/marianzimmerli.ch\/index.php?rest_route=\/wp\/v2\/pages"}],"about":[{"href":"https:\/\/marianzimmerli.ch\/index.php?rest_route=\/wp\/v2\/types\/page"}],"author":[{"embeddable":true,"href":"https:\/\/marianzimmerli.ch\/index.php?rest_route=\/wp\/v2\/users\/1"}],"replies":[{"embeddable":true,"href":"https:\/\/marianzimmerli.ch\/index.php?rest_route=%2Fwp%2Fv2%2Fcomments&post=106"}],"version-history":[{"count":16,"href":"https:\/\/marianzimmerli.ch\/index.php?rest_route=\/wp\/v2\/pages\/106\/revisions"}],"predecessor-version":[{"id":554,"href":"https:\/\/marianzimmerli.ch\/index.php?rest_route=\/wp\/v2\/pages\/106\/revisions\/554"}],"wp:attachment":[{"href":"https:\/\/marianzimmerli.ch\/index.php?rest_route=%2Fwp%2Fv2%2Fmedia&parent=106"}],"curies":[{"name":"wp","href":"https:\/\/api.w.org\/{rel}","templated":true}]}}